 244 and 16226.
122
What is the highest common divisor of 473 and 4042?
43
Calculate the greatest common divisor of 7296 and 15.
3
Calculate the highest common factor of 780 and 4056.
156
Calculate the greatest common factor of 182 and 143.
13
Calculate the greatest common factor of 189 and 81.
27
Calculate the highest common divisor of 72 and 117.
9
Calculate the highest common divisor of 19129 and 47.
47
What is the greatest common factor of 928 and 64?
32
What is the greatest common divisor of 38 and 874?
38
Calculate the highest common divisor of 1040 and 3440.
80
What is the greatest common factor of 68 and 148?
4
What is the highest common divisor of 1431 and 9?
9
What is the highest common factor of 1892 and 1100?
44
What is the highest common divisor of 5014 and 69?
23
What is the highest common factor of 30 and 60?
30
Calculate the greatest common divisor of 736 and 2760.
184
What is the highest common factor of 728 and 56?
56
Calculate the highest common divisor of 128 and 144.
16
Calculate the highest common factor of 959 and 126.
7
What is the highest common divisor of 148 and 12?
4
Calculate the greatest common divisor of 1884 and 12.
12
Calculate the highest common factor of 6129 and 54.
27
Calculate the greatest common factor of 1071 and 483.
21
Calculate the highest common factor of 5830 and 1760.
110
Calculate the greatest common divisor of 46 and 1081.
23
Calculate the greatest common factor of 192 and 40.
8
What is the highest common factor of 26 and 208?
26
What is the greatest common factor of 54 and 2934?
18
Calculate the highest common divisor of 15340 and 472.
236
What is the highest common factor of 66 and 297?
33
What is the greatest common divisor of 43 and 9761?
43
Calculate the greatest common divisor of 100 and 1250.
50
What is the greatest common factor of 48 and 584?
8
What is the greatest common factor of 3240 and 40?
40
What is the greatest common factor of 6594 and 252?
42
Calculate the greatest common divisor of 16218 and 54.
18
Calculate the highest common divisor of 451 and 11.
11
Calculate the highest common divisor of 2660 and 12160.
380
Calculate the greatest common factor of 48 and 408.
24
What is the highest common divisor of 110 and 198?
22
Calculate the greatest common factor of 513 and 54.
27
Calculate the highest common divisor of 30 and 3135.
15
What is the highest common divisor of 914 and 2?
2
What is the greatest common factor of 225 and 725?
25
What is the highest common divisor of 3197 and 115?
23
What is the highest common divisor of 675 and 27?
27
Calculate the greatest common factor of 17 and 442.
17
Calculate the highest common factor of 20 and 605.
5
What is the highest common factor of 8 and 512?
8
Calculate the highest common factor of 21 and 2625.
21
What is the highest common factor of 5283 and 27?
9
What is the greatest common divisor of 77 and 812?
7
Calculate the highest common divisor of 5 and 5.
5
What is the greatest common factor of 1140 and 11685?
285
Calculate the greatest common divisor of 22992 and 8.
8
Calculate the greatest common factor of 64 and 432.
16
What is the highest common divisor of 19 and 1216?
19
Calculate the highest common divisor of 646 and 136.
34
Calculate the greatest common divisor of 264 and 17248.
88
Calculate the greatest common factor of 3706 and 436.
218
What is the highest common divisor of 380 and 60?
20
Calculate the highest common divisor of 80 and 560.
80
Calculate the greatest common factor of 48 and 2064.
48
What is the highest common factor of 518 and 1274?
14
Calculate the greatest common factor of 182 and 5733.
91
What is the highest common factor of 9 and 147?
3
What is the highest common factor of 22 and 1485?
11
Calculate the greatest common divisor of 459 and 17.
17
What is the highest common divisor of 2187 and 27?
27
What is the highest common factor of 98 and 6272?
98
What is the greatest common divisor of 52 and 92?
4
What is the highest common factor of 4102 and 42?
14
What is the highest common factor of 88 and 16?
8
Calculate the highest common factor of 972 and 54.
54
What is the greatest common factor of 15 and 70?
5
Calculate the greatest common factor of 527 and 93.
31
What is the greatest common factor of 7 and 1561?
7
Calculate the highest common factor of 1500 and 144.
12
Calculate the highest common factor of 180 and 160.
20
Calculate the greatest common divisor of 64 and 128.
64
Calculate the highest common divisor of 400 and 1216.
16
Calculate the greatest common divisor of 16978 and 52.
26
What is the highest common factor of 43 and 7009?
43
What is the greatest common divisor of 558 and 36?
18
What is the greatest common divisor of 3048 and 48?
24
Calculate the highest common factor of 649 and 451.
11
Calculate the greatest common divisor of 156 and 156.
156
What is the highest common factor of 92 and 35213?
23
Calculate the greatest common factor of 20 and 290.
10
Calculate the highest common divisor of 15 and 1605.
15
What is the greatest common factor of 213 and 6887?
71
Calculate the greatest common factor of 45 and 2655.
45
Calculate the highest common factor of 339 and 3.
3
What is the highest common divisor of 34 and 102?
34
What is the greatest common factor of 19197 and 486?
243
What is the greatest common factor of 81 and 66?
3
What is the greatest common factor of 64 and 544?
32
Calculate the greatest common divisor of 1659 and 21.
21
What is the highest common divisor of 1157 and 13?
13
What is the greatest common divisor of 430 and 43?
43
Calculate the greatest common factor of 280 and 3220.
140
Calculate the highest common divisor of 1891 and 61.
61
What is the greatest common factor of 171 and 38?
19
What is the highest common divisor of 1 and 101?
1
Calculate the greatest common factor of 240 and 285.
15
Calculate the greatest common factor of 10 and 165.
5
What is the greatest common factor of 81 and 11097?
81
What is the greatest common divisor of 203 and 2117?
29
What is the highest common divisor of 426 and 12?
6
What is the greatest common factor of 2829 and 369?
123
Calculate the greatest common factor of 112 and 32.
16
Calculate the highest common factor of 38 and 133.
19
What is the highest common factor of 27 and 21?
3
Calculate the greatest common factor of 100 and 6350.
50
What is the highest common factor of 12 and 2500?
4
What is the greatest common divisor of 19 and 513?
19
Calculate the highest common divisor of 20 and 110.
10
Calculate the highest common divisor of 43 and 45064.
43
Calculate the highest common factor of 11 and 22.
11
What is the highest common factor of 66 and 54?
6
Calculate the greatest common factor of 162 and 189.
27
What is the highest common divisor of 1240 and 10?
10
Calculate the greatest common divisor of 536 and 469.
67
What is the highest common factor of 21 and 6496?
7
What is the highest common factor of 26 and 30953?
13
What is the highest common divisor of 34611 and 278?
139
Calculate the highest common factor of 1694 and 968.
242
Calculate the greatest common divisor of 20 and 20.
20
Calculate the highest common factor of 175 and 3535.
35
Calculate the highest common divisor of 1501 and 38.
19
Calculate the greatest common divisor of 4032 and 1596.
84
Calculate the greatest common divisor of 25 and 3425.
25
Calculate the highest common divisor of 585 and 1053.
117
What is the highest common factor of 7585 and 111?
37
What is the highest common divisor of 5214 and 48?
6
What is the highest common divisor of 2016 and 279?
9
Calculate the greatest common divisor of 27219 and 258.
129
Calculate the highest common factor of 135 and 10.
5
Calculate the highest common factor of 195 and 91.
13
Calculate the highest common divisor of 4563 and 338.
169
Calculate the greatest common factor of 3054 and 66.
6
Calculate the greatest common divisor of 47 and 329.
47
Calculate the greatest common factor of 68800 and 344.
344
What is the highest common factor of 2376 and 11?
11
What is the greatest common factor of 10209 and 249?
249
Calculate the highest common divisor of 33 and 550.
11
Calculate the greatest common factor of 836 and 44.
44
Calculate the highest common factor of 20 and 155.
5
What is the highest common factor of 147 and 63?
21
What is the great